et y be d(8). Give j(y).
-1
Let r(g) = 30*g - 3. Let z(s) = s + 1. Let x(n) = r(n) + 2*z(n). Determine x(1).
31
Let s(j) be the first derivative of -j + 9/2*j**2 - 13. Determine s(1).
8
Let c(r) = -15*r**3 - 4*r**2 - 9*r - 2. Let x(m) = 7*m**3 + 2*m**2 + 4*m + 1. Let w(b) = 6*c(b) + 13*x(b). What is w(2)?
13
Let b(l) = -3*l**2 - 7*l - 1. Let t(v) = 2*v**2 - v - 1. Let m(o) = -b(o) - 2*t(o). Determine m(6).
21
Let n(j) = 4*j**2 - j + 1. Suppose -6 = -x - 2*h, -h + 2 = -3*x + 3*h. Let w be -3 - ((-2)/x - 3). What is n(w)?
4
Let a(i) be the second derivative of -i**5/20 + 5*i**4/3 - i**3/3 + 47*i**2/2 + 431*i. Determine a(20).
7
Let y(v) be the third derivative of v**4/12 - 17*v**3/6 - 16*v**2. Let q be y(9). Let h(p) = 18*p**3 - p**2 + p. Determine h(q).
18
Let v(w) be the second derivative of -w**3/3 + 2*w**2 - 569*w. What is v(3)?
-2
Let y(b) = -5*b**2 - 2*b**2 - b**3 + 6 - 11 - 2*b - 3. What is y(-7)?
6
Let m(k) = -188*k + 5 + k**3 + 188*k - 6*k**2. What is m(6)?
5
Let j(x) = x + 2. Let p be j(1). Let c(f) = -2 + f**3 + f + 5*f**2 + 4*f - p*f. Calculate c(-4).
6
Suppose -2*b + 40 = i + b, -i + 3*b = -16. Let y = 27 - i. Let l(k) = 1 + 11*k - 4*k + 0. Calculate l(y).
-6
Let w(c) = 10*c**3 + 2*c**3 - 1 - 6*c**3. What is w(1)?
5
Let j(a) = -a - 7. Suppose 3*v - 5*v - 3*u - 48 = 0, -20 = 5*u. Let g = -13 - v. Determine j(g).
-12
Let j(f) = -5*f**3 - 4*f**2 + 3*f + 21. Let i(h) = 9*h**3 + 8*h**2 - 7*h - 41. Let b(z) = 4*i(z) + 7*j(z). Let y be b(-5). Let x(w) = 2*w + 6. What is x(y)?
-8
Let b(r) = 4 - 10*r - 4 + 559*r**2 - 558*r**2. Calculate b(8).
-16
Let j(w) be the second derivative of w**5/20 - 7*w**4/12 + 4*w**3/3 - 3*w**2 + w. Let a(v) = 6 - 3*v + v**2 - 7*v + 5*v. Let n be a(5). Calculate j(n).
6
Let y(j) be the third derivative of -j**6/120 + j**5/60 - 5*j**3/6 - 271*j**2. Give y(0).
-5
Suppose -5*q = -5*o, 2*q - 7 - 13 = -2*o. Let h(m) = -m**3 + 6*m**2 - 6*m - 1. Calculate h(o).
-6
Let z(v) = -14 + 19*v**2 - 20*v**2 + 7 + 7*v + 12. Determine z(8).
-3
Let s(x) be the third derivative of -x**6/120 - 2*x**5/15 - x**4/4 + 4*x**3/3 + 109*x**2. What is s(-7)?
1
Let b(p) be the first derivative of 3*p**4/4 - 2*p**3/3 - p**2 + p + 18. Let w = -4 + 6. What is b(w)?
13
Let s = 2 + -1. Let f(n) = -11*n**3 + 5*n**2 - 7*n + 9. Let g = -35 - -28. Let c(r) = 6*r**3 - 3*r**2 + 4*r - 5. Let b(a) = g*c(a) - 4*f(a). Calculate b(s).
2
Let x(b) = 4*b + 9. Let n(t) = -t - 1. Let m(c) = 5*n(c) + x(c). Let v(d) be the first derivative of d**3/3 - 5*d - 2. Let s be v(0). Calculate m(s).
9
Let g(u) = -2 + 0 - 2*u + 2*u + u. Determine g(-4).
-6
Let u(z) be the first derivative of -14*z**3 - z**2 - z - 7 + 9 + 12 + 12*z**3. Give u(-1).
-5
Let l = 7 + -2. Let r(b) be the first derivative of 7*b - 3/2*b**2 + 6. What is r(l)?
-8
Suppose 3*d - 23 = 1. Let v(h) = -h**3 + h**2 + h. Let m(f) = -5*f**3 + 12*f**2 + 3*f + 3. Let y(l) = -m(l) + 4*v(l). Determine y(d).
5
Let a be (11 - 1) + -8*(-6)/(-12). Suppose -12 + 60 = a*g. Let x(j) = 3*j - 5. What is x(g)?
19
Let m = 515 - 520. Let d(f) = -f**3 - 3*f**2 + 5*f + 2. What is d(m)?
27
Let c = -14 - -10. Suppose 5*z + 2 = -2*x - 4, 2 = -x - 2*z. Let a(u) = -u - 3*u - 3 - x. Calculate a(c).
11
Let o(p) be the second derivative of 0 - 5/6*p**3 - 28*p + 1/2*p**2. Calculate o(2).
-9
Let w(c) = 3*c**2 - 3*c - 8. Let b(m) = -2*m**2 + 2*m + 4. Let h be -7 + (-6)/(9/(-3)). Let r(o) = h*b(o) - 3*w(o). Calculate r(0).
4
Let d = -6 - -1. Let z(k) be the third derivative of -k**5/60 - k**4/12 + k**3 + 15*k**2 + 28*k. Give z(d).
-9
Let z(p) = -p**2 + 3*p. Let t(h) = h**3 - 15*h**2 - 26*h + 166. Let s be t(16). Give z(s).
-18
Let w(d) be the second derivative of -d**3 - 2*d**2 + 2*d + 64. Let g(k) = -k**3 - 12*k**2 - k - 16. Let x be g(-12). What is w(x)?
20
Let q(r) = -3*r**2 + 26*r + 16. Let n(f) = 25*f**2 - 209*f - 124. Let i(p) = -2*n(p) - 17*q(p). What is i(25)?
1
Let w(x) = x**3 + x**2 - x - 1. Let v = 21 + -19. Suppose -7*m - 10 = -v*m. Give w(m).
-3
Let h(d) = -d**2 + 22*d - 85. Let l be h(5). Let z(t) = t**3 + t**2 + 2*t - 6. Give z(l).
-6
Suppose -4*p - 10 = 2*b, -5*p + 1 - 9 = -2*b. Let s(r) be the third derivative of 0*r**4 + 1/60*r**5 - 1/6*r**3 + 0 + 0*r - 3*r**2. Calculate s(p).
3
Let k(g) = 3*g**3 + 30*g**2 + 3*g - 30*g**2. Let l(m) = 6*m**3 - m**2 + 5*m. Let v(y) = 5*k(y) - 3*l(y). What is v(2)?
-12
Let k(v) = -6 + 3 - 2*v + 16*v**2 - 31*v**2 + 18*v**2. Give k(-2).
13
Suppose 0 = -86*t + 6*t - 720. Let x(g) = g**2 + 9*g + 10. Give x(t).
10
Let w(x) be the first derivative of x**3/3 + 3*x**2 + 7*x + 3. Let s(v) = -5*v + 10. Let j be s(3). Determine w(j).
2
Let l(t) = t**3 - 6*t**2 + 5*t - 5. Suppose -5*p = 4*r + 12, 3*r - r = p - 20. Let d be r/6 + 12/9. Suppose q + b - 8 = -1, d = q - 4*b + 3. Determine l(q).
-5
Let p(c) be the first derivative of -c**7/840 - c**6/90 + c**4/12 + 25*c**3/3 - 10. Let k(h) be the third derivative of p(h). Give k(-4).
2
Let w(n) = -n - 6. Let i(m) = m + 5. Let h(u) = -5*i(u) - 4*w(u). Let q be (-3)/(-9) + (-70)/21. Give h(q).
2
Let a(v) = 7 + 7 + 6*v - 15. Give a(-2).
-13
Let a(q) = -18920 + 18916 + 3*q - q. What is a(-6)?
-16
Let j(h) be the second derivative of 0 + 1/2*h**2 - 28*h + 3/2*h**3. Give j(1).
10
Suppose -7*r + 12 = -4*r. Let q(n) = 2*n + 1. Determine q(r).
9
Let i(q) = q**3 + 1. Let t(r) = r**3 - 7*r**2 - 6*r + 7. Let z(f) = 2*i(f) - t(f). Let k(s) = s**2 - 21*s + 74. Let m be k(5). Give z(m).
-5
Let k be 6 - 4/(1 - -7)*-2. Let t(y) = 1 + 5 - k*y + 5*y**2 + 5*y**3 - 3*y**3 - 3*y**3. What is t(4)?
-6
Let l(k) = -4*k + k**2 - 5*k + 6 + k. Let m be 4 + 9 + 54/(-9). Give l(m).
-1
Let v = 31/87 + -2/87. Let t(d) be the second derivative of -1/3*d**4 - 3/2*d**2 + 0 + 1/20*d**5 + v*d**3 - d. Calculate t(4).
5
Let d = -22 + 20. Let i(y) = 3*y**2 + 7*y - 4*y**2 + 27*y**3 - 4*y + 3 - 28*y**3. What is i(d)?
1
Let o(q) = 5*q + 1. Let b = 9 + -3. Let k(z) = -z**3 + 6*z**2 + 3. Let v be k(b). Suppose -5*t + 8 = -5*x + v, 2*t - 3 = 3*x. Determine o(x).
-4
Let k(x) = x**3 - x**2 + x - 1. Suppose 9*a = 4*a - 2*r + 17, 0 = 3*r - 3. Calculate k(a).
20
Let k be 351/(-234)*(1 + (-2)/(-6)). Let m(x) = -4*x**3 - x**2 + 2*x - 1. What is m(k)?
23
Let c(b) be the third derivative of b**6/120 + 2*b**5/15 - 3*b**4/8 + b**3/3 - 919*b**2. Suppose -5*v - 30 = 15. Determine c(v).
2
Let n(h) = -4*h - 1. Let d(i) = 2 + i**3 + 3*i - 2 + 1. Let y = 76 + -73. Let j(u) = y*n(u) + 4*d(u). What is j(1)?
5
Let c(v) = v**3 - v**2 + 4*v**2 + 4*v + 2*v**2. Let i(f) = -f**3 - 5*f**2 - f + 7. Let n be i(-2). Determine c(n).
6
Let c(h) = h**2 - 7*h + 2. Suppose -3*m = -9*m + 24. What is c(m)?
-10
Let c(v) = v**2 + 3*v - 7. Let b be c(-5). Let l = 4 + -4. Let d(a) = -a + 0 + l - 6 + 4. Determine d(b).
-5
Suppose 4*f = -5*d - 26, 2*d = f - 2*d - 4. Let p be (-4)/(-6)*(f - (0 - -2)). Let k(s) = 3*s - 2. Determine k(p).
-14
Let z(m) = m**2 + 7*m - 1. Let n = 235 + -241. Calculate z(n).
-7
Let w be 0 - 1/3*-6. Let b(h) be the first derivative of -h**4/4 - h**2/2 - h + 2. Give b(w).
-11
Let f(w) = w**2 + 6*w - 4. Let q = -28 + 19. Let o = q - -14. Suppose -2*r + 4 = 0, 0 = 3*u + 3*r - o + 14. Determine f(u).
-9
Suppose -4*c - 5*y + 13 = -6, 4*c + 4*y - 16 = 0. Let z(u) = 0 - 4*u - u**3 - 1 + 0 - c - 5*u**2. What is z(-4)?
-2
Let p(h) = -h - 5. Let b(a) = -a - 7. Let g(q) = q**2 - 6*q + 1. Let j be 8 - (-8)/((-2)/1). Let u be g(j). Let k be b(u). What is p(k)?
-5
Let o(v) be the second derivative of v**2 + 21*v + 1/10*v**5 + 0 + 1/6*v**4 - 1/2*v**3. Determine o(-3).
-25
Let t(u) = u**3 - 3*u**2 - 3*u + 6. Let i = -608 - -612. What is t(i)?
10
Let s(z) = -4*z**2 + 1. Let g be s(1). Let n(v) be the first derivative of v**4/4 + v**3/3 - 3*v**2/2 - 2*v + 141. Determine n(g).
-11
Let w(a) = a**2 - 4 + 3*a - 2*a**2 + 1. Let p be 9/(1*(-7)/(28/(-12))). Determine w(p).
-3
Let m(s) be the third derivative of -s**6/120 - 2*s**5/15 + 5*s**4/12 + 4*s**3/3 + 116*s**2. Calculate m(-9).
-1
Let u(y) = y**3 - 5*y**2 + 3*y - 3. Let w be ((-40)/(-90))/(2 - (-48)/(-27)). Let o(j) = -j**3 + 5*j**2 - 4*j + 2. Let b(q) = w*o(q) + 3*u(q). Give b(5).
0
Let v(r) be the third derivative of -r**6/120 + r**5/60 + r**4/12 - r**3/3 - 125*r**2 - 4. Suppose 5*c = -5*y, -y - 4*c - 2 = 2*y. Give v(y).
-2
Let a(j) = -18*j**2 + j + 1. Let f = -11 + 10. Determine a(f